- (-8 - -12 - 5)?
6
What is the value of 0 - (-3 + (-9 - -6))?
6
What is the value of -3 + 11 - (20 - 14)?
2
1 + 1 - (-2 + 0 + -1)
5
(3 - 6) + 38 + -34
1
(2 - 3) + -2 - 2
-5
Calculate 11 + (5 - 13) + 1 + -1.
3
What is the value of -9 - (7 + (-25 - -11))?
-2
Calculate (0 - -4) + 7 + (-7 - 2).
2
-8 + 10 + -5 + -2
-5
What is the value of -12 + 9 - (-1 - 1)?
-1
-47 + 61 - (3 - -3)
8
What is -1 + -3 + -3 - -4?
-3
0 + 3 - 9 - -9
3
Calculate (1 - 1 - -2) + (18 - 24).
-4
What is the value of (-22 - -20) + 0 + 0?
-2
Evaluate -1 - (-1 + 0 - 7 - -2).
5
Evaluate -6 - (-4 + (-4 - -6)).
-4
Calculate -7 + -3 + (8 - 4 - -1).
-5
Evaluate 9 + -2 + (-13 - -5).
-1
-62 + 45 - (-14 + 1)
-4
What is (1 - 1) + (9 - (4 + 0))?
5
What is the value of 12 - (1 - (-10 + 5)) - 2?
4
What is (0 - -2) + (-3 - 0) + -2?
-3
Calculate (3 - -5 - 3) + 3 + -4.
4
What is -2 - (10 + -5 - 7)?
0
What is 10 - (7 - (3 - 1))?
5
(0 - (-5 + 1)) + -1
3
-8 + 15 + -12 + 1
-4
Evaluate 0 + -3 + -2 - 0.
-5
What is -26 - -33 - (1 - (-2 - 0))?
4
What is -9 - (-7 - -4 - 2)?
-4
What is -12 + (4 - 5 - -12)?
-1
Evaluate 0 + (14 + -21 - (-5 + 1)).
-3
11 + 14 + (3 - 30)
-2
Evaluate -1 + 3 + (0 - -2) - 4.
0
Evaluate (1 - (-1 - -3)) + -1 + 0.
-2
What is -1 - (-4 + (12 - 5))?
-4
What is the value of (-3 - (-2 + 0)) + (-2 - -2)?
-1
Calculate 1 + -4 + (16 - 18) + 3.
-2
Evaluate -2 - (7 + (-6 - 10)).
7
What is 2 + 4 + -13 - -8?
1
What is 12 + -6 + -7 + (-1 - 4)?
-6
Calculate -23 + 19 + -4 - (-4 - 0).
-4
What is the value of 0 + 0 - (-5 + -3 + 4)?
4
Evaluate 6 + -1 - (4 + 0).
1
Evaluate 13 + -4 + (-32 - -18).
-5
What is 2 + -4 + 2 + 2 + -4?
-2
What is -5 + -8 + 4 - -2?
-7
Evaluate -16 - (-21 - (-5 - 6)).
-6
What is 11 + (4 - 5) - 6 - 4?
0
What is the value of 0 + 6 + 1 - 5?
2
Evaluate (18 - 7 - 11) + -6.
-6
Evaluate -3 + (7 - (2 - 1)).
3
What is the value of -7 + -9 - (1 - 10)?
-7
What is the value of 0 - (-4 - -12 - 7)?
-1
What is the value of 3 - (3 + (4 - 4))?
0
(3 - 5 - 0) + 3 - 6
-5
15 + (-12 + 24 - 22)
5
Evaluate -2 + (-6 - -4 - 2 - -12).
6
1 + 1 + 4 - -2 - 6
2
What is the value of (-3 - -3) + -1 - -2?
1
What is the value of 10 - 6 - (9 - -3)?
-8
(2 - (5 + 2 + -3)) + 10
8
1 - ((-1 - 4 - -8) + 0)
-2
-10 - (6 - 10) - -6 - 6
-6
Evaluate -6 + -2 + 3 + 0 - -4.
-1
What is 13 - 6 - (7 - (-1 + -9))?
-10
Evaluate -4 + 13 + -5 - (8 + -6).
2
What is 5 + (-2 - 4) + 1?
0
What is 17 - 14 - (-1 - -2)?
2
What is (1 - -1) + -4 - (-1 + -3)?
2
5 + (-4 - (-8 + 5) - -2)
6
Calculate -1 - (-12 + 5 + -11 + 15).
2
Calculate -1 - -1 - (-8 + 4 + 6).
-2
What is the value of -10 + (10 - 0) - 8?
-8
What is the value of -1 + 5 + (9 - 4) + -4?
5
What is the value of 15 + (45 - 55) + 0 + 3?
8
Calculate (3 - -1) + -1 + (-4 - -1).
0
What is the value of (-7 + (8 - 3) - -7) + -5?
0
What is (0 - 14) + 13 + 5 + -1?
3
(3 - (-3 + 4)) + -7 + 2
-3
Calculate (2 - (-5 - -9)) + 2.
0
9 - 6 - (-3 + 1) - 3
2
What is the value of 3 + (13 - 34 - -10)?
-8
Calculate -1 - (3 - ((-3 - 0) + 2)).
-5
1 + -2 + -1 - (-3 + 0)
1
What is the value of (-3 - -8) + -9 + 0?
-4
Evaluate -25 + 12 - (2 - 4 - 5).
-6
Calculate (2 - 5) + -48 + 56.
5
What is the value of 1 + -4 + 1 + -9 + 8?
-3
Calculate (-1 - 4) + (-21 - -29).
3
What is the value of -24 + (7 - 4) + 13?
-8
What is 0 - (1 + -6 + 3) - -1?
3
What is 0 + 8 - (56 + -54)?
6
-1 - -8 - (2 + (3 - 0))
2
What is the value of 5 + -4 + 5 + -7?
-1
Calculate (-4 - -7) + 5 + -4.
4
What is -6 + (-5 - (-2 - 4))?
-5
Evaluate -2 + (5 + -1 - (-19 - -22)).
-1
2 - (8 + -7 + 1)
0
What is the value of -1 - (-8 - (2 - 4))?
5
Calculate -5 - -1 - (34 - 34) - -1.
-3
(-9 - -2) + 43 + -41
-5
What is the value of 1 + (-6 - -2) + -34 + 41?
4
4 - (8 - (4 - 3))
-3
Calculate 6 + (-3 + 3 - (1 + 0)).
5
Evaluate (-4 - -13) + -4 + -6 - 2.
-3
What is (-1 - -5 - (0 - -4)) + -1?
-1
Evaluate 0 + 1 - (0 + (5 - 5)).
1
What is the value of 8 + (0 - (-5 - -7))?
6
Evaluate (0 - -7) + -4 - 1.
2
What is the value of (-84 - -96) + (2 + -12 - -2)?
4
Calculate (0 - 8) + -14 + 23.
1
Calculate -6 + 3 - (2 - 13) - 3.
5
-9 + 9 + 0 + -3
-3
Evaluate (-11 - (-4 + -14)) + -3 + 0.
4
-30 + 33 - (3 - -1)
-1
What is the value of 0 + (0 - -9) + (-18 - -14)?
5
Evaluate -2 - 0 - (-17 - -15).
0
Evaluate 11 - (9 - 1) - (1 + 0).
2
Evaluate 0 + 1 + 7 + -4.
4
Evaluate (-122 - -119) + (1 - -5).
3
What is the value of 3 + (6 - (8 - 0))?
1
(2 - (-1 + 0)) + -7 + 3
-1
Calculate -6 + -4 + 5 + 2 + 1.
-2
What is the value of -9 - (-17 + 11 + 4)?
-7
Evaluate 8 - (2 + -2 + 11).
-3
Evaluate 8 - (7 - (9 - 8)).
2
Calculate -2 + (-5 + 8 - 4).
-3
What is -7 + (-12 - -17) + -1?
-3
What is 19 + -18 + 0 + 0?
1
What is the value of 12 + -5 + -9 + (-2 - 1)?
-5
Calculate -1 + 3 + -33 + 36.
5
Evaluate (1 - -7) + -5 + -11 - -5.
-3
Evaluate -4 + (0 - 0 - 1).
-5
Calculate -10 - (-4 + -7 + -4).
5
What is 1 - -2 - (-3 - -1)?
5
What is 56 + -60 + (-1 - 1 - -12)?
6
What is the value of 0 - ((7 - 9) + -3)?
5
What is 6 + -15 - -2 - -3?
-4
What is -1 + (-3 - (-6 + 13)) + 4?
-7
Evaluate -4 + (-11 + 6 - (-6 + -2)).
-1
What is the value of 9 - (-4 + 0 - -7)?
6
Calculate -10 + 3 + -4 + 5.
-6
What is -7 + 6 - (2 + -1 + 1)?
-3
1 - 0 - (-10 + (10 - 6))
7
-1 - -2 - 2 - (-23 - -17)
5
What is the value of -4 + 4 + -3 + (-8 - -8)?
-3
6 + 3 - (13 + -9 + 2)
3
Evaluate -13 - (-6 + 1 - 2).
-6
Evaluate 17 + -11 - (-3 - -3).
6
What is the value of (5 + -6 - -5) + 2?
6
What is -6 - ((-1 - 2) + -6) - 8?
-5
What is the value of 9 + -1 + (-32 - -26)?
2
What is 0 + (2 - 4) + 2 + -3?
-3
Calculate -3 + (4 - (-2 - (1 - 1))).
3
Evaluate -3 + -4 - (-3 - (1 + -2)).
-5
What is the value of -1 - -2 - 0 - (-456 + 458)?
-1
-1 + (-8 - -4 - (-6 + -2))
3
What is the value of 8 - (-7 + 13 - 4) - 5?
1
Calculate 7 + (12 + -19 - -3).
3
What is (2 - -7) + 5 + -6?
8
Evaluate -56 + 60 + (-1 - -4) - 5.
2
What is the value of -1 + 1 + 1 + 1 + 3?
5
What is the value of -6 + (5 - (0 + 2))?
-3
What is 13 - 10 - -8 - 17?
-6
What is the value of -4 + (-2 - -2 - -3) + 5?
4
What is the value of 2 + -10 + 0 + 39 + -33?
-2
2 - (0 - 1 - -2) - -5
6
What is -2 + 0 + (-3 - -5) - 4?
-4
-2 + (-1 - -5) - 3
-1
4 + 4 - (-5 + 13)
0
Evaluate 2 + -1 + 0 + (-4 - 2).
-5
Calculate -10 + -2 + (96 - 84).
0
What is the value of -3 + (9 - 0) + -1?
5
Calculate 5 + (-3 - (4 - 2)).
0
What is the value of -2 + -1 + 4 + -3?
-2
What is the value of 0 - -7 - (8 + -3 - 8)?
10
-1 - (2 - (0 + 1)) - -4
2
What is (-6 - (6 - 28)) + -11?
5
(3 + -7 + 2 - -10) + -4
4
Calculate 4 + 0 + 3 + -4.
3
Evaluate 7 - (2 - (1 + 0 + -2)).
4
2 + (3 - 5) + -1 + 4
3
Evaluate (4 - 2) + -4 + 2.
0
What is the value of 6 - (8 + -5 - (4 - 2))?
5
What is the value of -5 + 11 + -1 - -1?
6
What is -19 + 13 + -3 - -8?
-1
Calculate -8 + -2 + -2 + 5 + 1.
-6
What is the value of (2 - 5) + -1 + -3 - -4?
-3
What is the value of 0 - -1 - (-2 + (-6 - -8))?
1
Evaluate (3 - (-2 + 5 + -2)) + 5.
7
What is the value of 12 + -12 - (-2 - 2)?
4
(-2 - (-7 - -18 - 2)) + 6
-5
What is the value of (7 - 7) + -5 - -4 - -3?
2
What is the value of (-1 - (-8 + 7)) + 3?
3
What is -1 + (-6 + 5 - 0) + 0?
-2
What is the value of (3 - 15) + 7 + 7?
2
What is the value of -3 - ((6 - (0 - -7)) + -2)?
0
What is the value of -6 - (-31 + 14 + 9 + -1)?
3
What is 1 + (1 - -4) + -8?
-2
-4 + 3 - (-2 - (5 - 1))
5
Calculate 5 - (2 - (6 + -5)).
4
What is 0 - ((-4 - (3 - 3)) + 4)?
0
Evaluate 14 + -8 + 4 + (0 - 7).
3
What is the value of -1 + 5 - (6 + -9)?
7
Calculate 5 + (-8 - 1) + 1 + 1.
-2
Evaluate 3 + (-5 - -5) + -4 + 5.
4
What is 1 - -8 - (-104 - -110)?
3
What is the value of 0 - (9 - 2 - (19 - 19))?
-7
Calculate 1 - ((-5 - 2) + 3).
5
What is the value of -3 - 0 - (23 + -20)?
-6
Evaluate -4 + (2 - 4) - (3 + -6).
-3
Evaluate (1 - -4 - 0) + (1 - 3).
3
What is the value of -3 + 2 + -3 + 6?
2
What is -1 + 8 - (-26 - -30)?
3
What is the value of 4 - (1 + 0 + 8)?
-5
Evaluate 5 - (-5 + -1 + 3).
8
What is -5 - (-6 + (7 - (-1 - 1)))?
-8
Evaluate 7 + (3 - 6) + -9.
-5
What is the value of -2 - -2 - 2 - (-2 + -2)?
2
What is (123 - 118) + 1 + (2 - 5)?
3
What is the value of 47 + -51 - (1 + (1 - 1))?
-5
Calculate 10 + (-13 - 0) + (-1 - 0).
-4
-9 - -7 - (-3 - 0 - -1)
0
What is -5 + (-4 - (-7 - -2))?
-4
1 + -6 + 7 - 6 - -3
-1
(-1 - -4) + 18 + -18
3
2 + -1 + 9 + -5
5
Evaluate 5 - 2 - (1 + (4 - 9)).
7
What is the value of -1 + -5 + 8 - (9 + -1)?
-6
What is the value of (4 + (3 